{"id":30,"date":"2023-02-09T10:40:05","date_gmt":"2023-02-09T10:40:05","guid":{"rendered":"https:\/\/tukijaturva.fi\/?page_id=30"},"modified":"2023-02-13T04:28:50","modified_gmt":"2023-02-13T04:28:50","slug":"blogi","status":"publish","type":"page","link":"https:\/\/tukijaturva.fi\/?page_id=30","title":{"rendered":"Blogi"},"content":{"rendered":"\t\t<div data-elementor-type=\"wp-page\" data-elementor-id=\"30\" class=\"elementor elementor-30\">\n\t\t\t\t\t\t<section class=\"elementor-section elementor-top-section elementor-element elementor-element-29b1601 elementor-section-boxed elementor-section-height-default elementor-section-height-default\" data-id=\"29b1601\" data-element_type=\"section\">\n\t\t\t\t\t\t<div class=\"elementor-container elementor-column-gap-default\">\n\t\t\t\t\t<div class=\"elementor-column elementor-col-100 elementor-top-column elementor-element elementor-element-89f96f7\" data-id=\"89f96f7\" data-element_type=\"column\">\n\t\t\t<div class=\"elementor-widget-wrap elementor-element-populated\">\n\t\t\t\t\t\t<div class=\"elementor-element elementor-element-e07d3b3 elementor-widget elementor-widget-image\" data-id=\"e07d3b3\" data-element_type=\"widget\" data-widget_type=\"image.default\">\n\t\t\t\t<div class=\"elementor-widget-container\">\n\t\t\t<style>\/*! elementor - v3.22.0 - 24-06-2024 *\/\n.elementor-widget-image{text-align:center}.elementor-widget-image a{display:inline-block}.elementor-widget-image a img[src$=\".svg\"]{width:48px}.elementor-widget-image img{vertical-align:middle;display:inline-block}<\/style>\t\t\t\t\t\t\t\t\t\t<img decoding=\"async\" width=\"300\" height=\"169\" src=\"https:\/\/tukijaturva.fi\/wp-content\/uploads\/2023\/02\/Strategia1-300x169.png\" class=\"attachment-medium size-medium wp-image-2247\" alt=\"\" srcset=\"https:\/\/tukijaturva.fi\/wp-content\/uploads\/2023\/02\/Strategia1-300x169.png 300w, https:\/\/tukijaturva.fi\/wp-content\/uploads\/2023\/02\/Strategia1-1024x576.png 1024w, https:\/\/tukijaturva.fi\/wp-content\/uploads\/2023\/02\/Strategia1-768x432.png 768w, https:\/\/tukijaturva.fi\/wp-content\/uploads\/2023\/02\/Strategia1-1536x864.png 1536w, https:\/\/tukijaturva.fi\/wp-content\/uploads\/2023\/02\/Strategia1-600x338.png 600w, https:\/\/tukijaturva.fi\/wp-content\/uploads\/2023\/02\/Strategia1.png 1920w\" sizes=\"(max-width: 300px) 100vw, 300px\" \/>\t\t\t\t\t\t\t\t\t\t\t\t\t<\/div>\n\t\t\t\t<\/div>\n\t\t\t\t<div class=\"elementor-element elementor-element-dcd322c elementor-widget__width-inherit elementor-widget elementor-widget-ucaddon_post_blocks\" data-id=\"dcd322c\" data-element_type=\"widget\" data-widget_type=\"ucaddon_post_blocks.default\">\n\t\t\t\t<div class=\"elementor-widget-container\">\n\t\t\t\n<!-- start Post Blocks -->\n\t\t<link id='font-awesome-css' href='https:\/\/tukijaturva.fi\/wp-content\/plugins\/unlimited-elements-for-elementor\/assets_libraries\/font-awesome6\/fontawesome-all.min.css' type='text\/css' rel='stylesheet' >\n\t\t<link id='font-awesome-4-shim-css' href='https:\/\/tukijaturva.fi\/wp-content\/plugins\/unlimited-elements-for-elementor\/assets_libraries\/font-awesome6\/fontawesome-v4-shims.min.css' type='text\/css' rel='stylesheet' >\n\n<style>\/* widget: Post Blocks *\/\n\n\n\n#uc_post_blocks_elementor_dcd322c {\n    display:grid;\n}\n#uc_post_blocks_elementor_dcd322c .ue_post_blocks_box\n{\n  overflow:hidden;\n}\n\n#uc_post_blocks_elementor_dcd322c .ue_post_blocks_image\n{\n  overflow:hidden;\n}\n#uc_post_blocks_elementor_dcd322c .ue_post_blocks_image img\n{\n  object-fit: cover;\n  object-position:center center;\n  width:100%;\n  display:block;\n}\n#uc_post_blocks_elementor_dcd322c .ue_post_blocks_link a\n{\n  display:inline-block;\n  text-decoration:none;\n  text-align:center;\n}\n\n #uc_post_blocks_elementor_dcd322c .ue_post_blocks_box img\n{\n  transition:0.5s;\n}\n #uc_post_blocks_elementor_dcd322c .ue_post_blocks_box:hover img\n{\n  transform:scale(1.1,1.1);\n}\n\n\n\n\n#uc_post_blocks_elementor_dcd322c .ue-grid-item-meta-data\n{\n  display:inlin-flex;\n  flex-wrap: wrap;\n}\n\n.ue-grid-item-meta-data\n{\n  font-size:12px;\n}\n\n#uc_post_blocks_elementor_dcd322c .ue-grid-item-meta-data-icon\n{\n  line-height:1em;\n}\n\n#uc_post_blocks_elementor_dcd322c .ue-grid-item-meta-data-icon svg\n{\n  width:1em;\n  height:1em;\n}\n\n\n.ue-grid-item-category a\n{\n  display:inline-block;\n  font-size:10px;\n  text-transform:uppercase;\n}\n\n<\/style>\n\n<div id=\"uc_post_blocks_elementor_dcd322c\" class=\"ue_post_blocks uc-items-wrapper\" >\n    <div class=\"ue_post_blocks_box\">\n    <div class=\"ue_post_blocks_image\">\n    <a href=\"https:\/\/tukijaturva.fi\/?p=2659\" style=\"display:block;\"><img decoding=\"async\" src=\"https:\/\/tukijaturva.fi\/wp-content\/uploads\/2023\/12\/reside-3104077_1280-768x384.jpg\"  src=\"https:\/\/tukijaturva.fi\/wp-content\/uploads\/2023\/12\/reside-3104077_1280-768x384.jpg\" alt=\"reside-3104077_1280\" width=\"768\" height=\"384\"><\/a>\n  <\/div>\n    <div class=\"ue_post_blocks_content\">\n      \n     <div class=\"ue-grid-item-category\"><a href=\"https:\/\/tukijaturva.fi\/?cat=32\">Psykofyysinen fysioterapia<\/a><\/div>\n         \n    <div class=\"ue_post_blocks_title\"><a href=\"https:\/\/tukijaturva.fi\/?p=2659\">Hermostoa rauhoittamalla positiivinen vaikutus uneen&nbsp;<\/a><\/div>    \n              <div class=\"ue-grid-item-meta-data\">\n                                \t  \n    \t<\/div>\n         \n    \n    <div class=\"ue_post_blocks_text\">Uni on olennainen osa terveytt\u00e4 ja hyvinvointia, mutta monille se voi olla haasteellista saavuttaa. Stressi...<\/div>    <div class=\"ue_post_blocks_link\"><a href=\"https:\/\/tukijaturva.fi\/?p=2659\" class=\"\">Lue lis\u00e4\u00e4<\/a><\/div>  <\/div>\n<\/div>\n<div class=\"ue_post_blocks_box\">\n    <div class=\"ue_post_blocks_image\">\n    <a href=\"https:\/\/tukijaturva.fi\/?p=2640\" style=\"display:block;\"><img loading=\"lazy\" decoding=\"async\" src=\"https:\/\/tukijaturva.fi\/wp-content\/uploads\/2023\/05\/investment-5241253_1280-e1685046224588-768x261.jpg\"  src=\"https:\/\/tukijaturva.fi\/wp-content\/uploads\/2023\/05\/investment-5241253_1280-e1685046224588-768x261.jpg\" alt=\"investment-5241253_1280\" width=\"768\" height=\"261\"><\/a>\n  <\/div>\n    <div class=\"ue_post_blocks_content\">\n      \n     <div class=\"ue-grid-item-category\"><a href=\"https:\/\/tukijaturva.fi\/?cat=31\">Neuropsykiatrinen valmentaja -koulutus<\/a><\/div>\n         \n    <div class=\"ue_post_blocks_title\"><a href=\"https:\/\/tukijaturva.fi\/?p=2640\">Neuropsykiatriset piirteet voimavarana<\/a><\/div>    \n              <div class=\"ue-grid-item-meta-data\">\n                                \t  \n    \t<\/div>\n         \n    \n    <div class=\"ue_post_blocks_text\">Moikka taas!  Porstuan neuropsykiatrisen valmentajan koulutus on edennyt hyv\u00e4\u00e4 tahtia ja halusin koota...<\/div>    <div class=\"ue_post_blocks_link\"><a href=\"https:\/\/tukijaturva.fi\/?p=2640\" class=\"\">Lue lis\u00e4\u00e4<\/a><\/div>  <\/div>\n<\/div>\n<div class=\"ue_post_blocks_box\">\n    <div class=\"ue_post_blocks_image\">\n    <a href=\"https:\/\/tukijaturva.fi\/?p=2609\" style=\"display:block;\"><img loading=\"lazy\" decoding=\"async\" src=\"https:\/\/tukijaturva.fi\/wp-content\/uploads\/2023\/04\/pexels-pixabay-355863-scaled-e1681255610306-768x196.jpg\"  src=\"https:\/\/tukijaturva.fi\/wp-content\/uploads\/2023\/04\/pexels-pixabay-355863-scaled-e1681255610306-768x196.jpg\" alt=\"pexels-pixabay-355863\" width=\"768\" height=\"196\"><\/a>\n  <\/div>\n    <div class=\"ue_post_blocks_content\">\n      \n     <div class=\"ue-grid-item-category\"><a href=\"https:\/\/tukijaturva.fi\/?cat=32\">Psykofyysinen fysioterapia<\/a><\/div>\n         \n    <div class=\"ue_post_blocks_title\"><a href=\"https:\/\/tukijaturva.fi\/?p=2609\">Autonominen hermosto<\/a><\/div>    \n              <div class=\"ue-grid-item-meta-data\">\n                                \t  \n    \t<\/div>\n         \n    \n    <div class=\"ue_post_blocks_text\">Moikka rakkaat lukijat! Edellisess\u00e4 blogitekstiss\u00e4 puhuttiin tunnetaidoista neuropsykiatrisessa valmennuksessa...<\/div>    <div class=\"ue_post_blocks_link\"><a href=\"https:\/\/tukijaturva.fi\/?p=2609\" class=\"\">Lue lis\u00e4\u00e4<\/a><\/div>  <\/div>\n<\/div>\n<div class=\"ue_post_blocks_box\">\n    <div class=\"ue_post_blocks_image\">\n    <a href=\"https:\/\/tukijaturva.fi\/?p=2565\" style=\"display:block;\"><img loading=\"lazy\" decoding=\"async\" src=\"https:\/\/tukijaturva.fi\/wp-content\/uploads\/2023\/04\/man-gdab5b8e49_1920-e1681164340946-768x224.jpg\"  src=\"https:\/\/tukijaturva.fi\/wp-content\/uploads\/2023\/04\/man-gdab5b8e49_1920-e1681164340946-768x224.jpg\" alt=\"man-gdab5b8e49_1920\" width=\"768\" height=\"224\"><\/a>\n  <\/div>\n    <div class=\"ue_post_blocks_content\">\n      \n     <div class=\"ue-grid-item-category\"><a href=\"https:\/\/tukijaturva.fi\/?cat=31\">Neuropsykiatrinen valmentaja -koulutus<\/a><\/div>\n         \n    <div class=\"ue_post_blocks_title\"><a href=\"https:\/\/tukijaturva.fi\/?p=2565\">Tunnetaidot neuropsykiatrisessa valmennuksessa<\/a><\/div>    \n              <div class=\"ue-grid-item-meta-data\">\n                                \t  \n    \t<\/div>\n         \n    \n    <div class=\"ue_post_blocks_text\">Psykofyysisen\u00e4 fysioterapeuttina olen perehtynyt ihmisten kokonaisvaltaisuuteen ja tunnetaitoihin. Tunteet...<\/div>    <div class=\"ue_post_blocks_link\"><a href=\"https:\/\/tukijaturva.fi\/?p=2565\" class=\"\">Lue lis\u00e4\u00e4<\/a><\/div>  <\/div>\n<\/div>\n<div class=\"ue_post_blocks_box\">\n    <div class=\"ue_post_blocks_image\">\n    <a href=\"https:\/\/tukijaturva.fi\/?p=2639\" style=\"display:block;\"><img loading=\"lazy\" decoding=\"async\" src=\"https:\/\/tukijaturva.fi\/wp-content\/uploads\/2023\/05\/man-4800810_1280-e1685005176127-768x244.jpg\"  src=\"https:\/\/tukijaturva.fi\/wp-content\/uploads\/2023\/05\/man-4800810_1280-e1685005176127-768x244.jpg\" alt=\"man-4800810_1280\" width=\"768\" height=\"244\"><\/a>\n  <\/div>\n    <div class=\"ue_post_blocks_content\">\n      \n     <div class=\"ue-grid-item-category\"><a href=\"https:\/\/tukijaturva.fi\/?cat=31\">Neuropsykiatrinen valmentaja -koulutus<\/a><\/div>\n         \n    <div class=\"ue_post_blocks_title\"><a href=\"https:\/\/tukijaturva.fi\/?p=2639\">Motivaatio & motivointi neuropsykiatrisessa valmennuksessa<\/a><\/div>    \n              <div class=\"ue-grid-item-meta-data\">\n                                \t  \n    \t<\/div>\n         \n    \n    <div class=\"ue_post_blocks_text\">Neuropsykiatrisen valmentajan sek\u00e4 valmennettavan motivaatio ja motivointi on koko valmennusprosessin...<\/div>    <div class=\"ue_post_blocks_link\"><a href=\"https:\/\/tukijaturva.fi\/?p=2639\" class=\"\">Lue lis\u00e4\u00e4<\/a><\/div>  <\/div>\n<\/div>\n<div class=\"ue_post_blocks_box\">\n    <div class=\"ue_post_blocks_image\">\n    <a href=\"https:\/\/tukijaturva.fi\/?p=2554\" style=\"display:block;\"><img loading=\"lazy\" decoding=\"async\" src=\"https:\/\/tukijaturva.fi\/wp-content\/uploads\/2023\/04\/light-2156209_1920-e1678230290452-768x211.jpg\"  src=\"https:\/\/tukijaturva.fi\/wp-content\/uploads\/2023\/04\/light-2156209_1920-e1678230290452-768x211.jpg\" alt=\"light-2156209_1920\" width=\"768\" height=\"211\"><\/a>\n  <\/div>\n    <div class=\"ue_post_blocks_content\">\n      \n     <div class=\"ue-grid-item-category\"><a href=\"https:\/\/tukijaturva.fi\/?cat=31\">Neuropsykiatrinen valmentaja -koulutus<\/a><\/div>\n         \n    <div class=\"ue_post_blocks_title\"><a href=\"https:\/\/tukijaturva.fi\/?p=2554\">Ratkaisukeskeisyys neuropsykiatrisessa valmennuksessa<\/a><\/div>    \n              <div class=\"ue-grid-item-meta-data\">\n                                \t  \n    \t<\/div>\n         \n    \n    <div class=\"ue_post_blocks_text\">Edellisess\u00e4 kirjoituksessani keskusteltiin voimavaral\u00e4ht\u00f6isyydest\u00e4 ja k\u00e4vimme l\u00e4pi voimavarakartoitukseen...<\/div>    <div class=\"ue_post_blocks_link\"><a href=\"https:\/\/tukijaturva.fi\/?p=2554\" class=\"\">Lue lis\u00e4\u00e4<\/a><\/div>  <\/div>\n<\/div>\n<div class=\"ue_post_blocks_box\">\n    <div class=\"ue_post_blocks_image\">\n    <a href=\"https:\/\/tukijaturva.fi\/?p=2552\" style=\"display:block;\"><img loading=\"lazy\" decoding=\"async\" src=\"https:\/\/tukijaturva.fi\/wp-content\/uploads\/2023\/03\/sun-5685447_1920-e1678224014445-768x192.jpg\"  src=\"https:\/\/tukijaturva.fi\/wp-content\/uploads\/2023\/03\/sun-5685447_1920-e1678224014445-768x192.jpg\" alt=\"sun-5685447_1920\" width=\"768\" height=\"192\"><\/a>\n  <\/div>\n    <div class=\"ue_post_blocks_content\">\n      \n     <div class=\"ue-grid-item-category\"><a href=\"https:\/\/tukijaturva.fi\/?cat=31\">Neuropsykiatrinen valmentaja -koulutus<\/a><\/div>\n         \n    <div class=\"ue_post_blocks_title\"><a href=\"https:\/\/tukijaturva.fi\/?p=2552\">Voimavaral\u00e4ht\u00f6isyys neuropsykiatrisessa valmennuksessa<\/a><\/div>    \n              <div class=\"ue-grid-item-meta-data\">\n                                \t  \n    \t<\/div>\n         \n    \n    <div class=\"ue_post_blocks_text\">Voimavaral\u00e4ht\u00f6isyys\n\n\nVoimavaral\u00e4ht\u00f6isyys on itselle ennest\u00e4\u00e4n tuttu pykofyysisest\u00e4 fysioterapiasta....<\/div>    <div class=\"ue_post_blocks_link\"><a href=\"https:\/\/tukijaturva.fi\/?p=2552\" class=\"\">Lue lis\u00e4\u00e4<\/a><\/div>  <\/div>\n<\/div>\n<div class=\"ue_post_blocks_box\">\n    <div class=\"ue_post_blocks_image\">\n    <a href=\"https:\/\/tukijaturva.fi\/?p=2373\" style=\"display:block;\"><img loading=\"lazy\" decoding=\"async\" src=\"https:\/\/tukijaturva.fi\/wp-content\/uploads\/2023\/02\/pexels-cottonbro-studio-4101137-scaled-e1719311937239-768x768.jpg\"  src=\"https:\/\/tukijaturva.fi\/wp-content\/uploads\/2023\/02\/pexels-cottonbro-studio-4101137-scaled-e1719311937239-768x768.jpg\" alt=\"pexels-cottonbro-studio-4101137\" width=\"768\" height=\"768\"><\/a>\n  <\/div>\n    <div class=\"ue_post_blocks_content\">\n      \n     <div class=\"ue-grid-item-category\"><a href=\"https:\/\/tukijaturva.fi\/?cat=31\">Neuropsykiatrinen valmentaja -koulutus<\/a><\/div>\n         \n    <div class=\"ue_post_blocks_title\"><a href=\"https:\/\/tukijaturva.fi\/?p=2373\">Neuropsykiatrinen valmennus terapiaprosessina<\/a><\/div>    \n              <div class=\"ue-grid-item-meta-data\">\n                                \t  \n    \t<\/div>\n         \n    \n    <div class=\"ue_post_blocks_text\">Neuropsykiatrisen valmentaja koulutuksen edetess\u00e4 olen tajunnut, ett\u00e4 valmennusta todellakin voidaan...<\/div>    <div class=\"ue_post_blocks_link\"><a href=\"https:\/\/tukijaturva.fi\/?p=2373\" class=\"\">Lue lis\u00e4\u00e4<\/a><\/div>  <\/div>\n<\/div>\n<div class=\"ue_post_blocks_box\">\n    <div class=\"ue_post_blocks_image\">\n    <a href=\"https:\/\/tukijaturva.fi\/?p=2378\" style=\"display:block;\"><img decoding=\"async\" src=\"https:\/\/tukijaturva.fi\/wp-content\/uploads\/ac_assets\/uc_article_grid_style_six\/\/no-image.png\" ><\/a>\n  <\/div>\n    <div class=\"ue_post_blocks_content\">\n      \n     <div class=\"ue-grid-item-category\"><a href=\"https:\/\/tukijaturva.fi\/?cat=31\">Neuropsykiatrinen valmentaja -koulutus<\/a><\/div>\n         \n    <div class=\"ue_post_blocks_title\"><a href=\"https:\/\/tukijaturva.fi\/?p=2378\">Neuropsykiatriset piirteet<\/a><\/div>    \n              <div class=\"ue-grid-item-meta-data\">\n                                \t  \n    \t<\/div>\n         \n    \n    <div class=\"ue_post_blocks_text\">Neuropsykiatriset piirteet\n\n\nPohdinnoissani neuropsykiatriset piirteet ovat jossain diagnoosin ja luonteenpiirteen...<\/div>    <div class=\"ue_post_blocks_link\"><a href=\"https:\/\/tukijaturva.fi\/?p=2378\" class=\"\">Lue lis\u00e4\u00e4<\/a><\/div>  <\/div>\n<\/div>\n<div class=\"ue_post_blocks_box\">\n    <div class=\"ue_post_blocks_image\">\n    <a href=\"https:\/\/tukijaturva.fi\/?p=2533\" style=\"display:block;\"><img loading=\"lazy\" decoding=\"async\" src=\"https:\/\/tukijaturva.fi\/wp-content\/uploads\/2023\/03\/image_editor_output_image298700710-1677678641089-768x322.png\"  src=\"https:\/\/tukijaturva.fi\/wp-content\/uploads\/2023\/03\/image_editor_output_image298700710-1677678641089-768x322.png\" alt=\"image_editor_output_image298700710-1677678641089\" width=\"768\" height=\"322\"><\/a>\n  <\/div>\n    <div class=\"ue_post_blocks_content\">\n      \n     <div class=\"ue-grid-item-category\"><a href=\"https:\/\/tukijaturva.fi\/?cat=31\">Neuropsykiatrinen valmentaja -koulutus<\/a><\/div>\n         \n    <div class=\"ue_post_blocks_title\"><a href=\"https:\/\/tukijaturva.fi\/?p=2533\">Kokemukseni neuropsykiatrisista piirteist\u00e4<\/a><\/div>    \n              <div class=\"ue-grid-item-meta-data\">\n                                \t  \n    \t<\/div>\n         \n    \n    <div class=\"ue_post_blocks_text\">Neuropsykiatriset piirteet ovat itselleni hyvin tuttuja, my\u00f6s omakohtaisia. Minulle on jo lapsena todettu...<\/div>    <div class=\"ue_post_blocks_link\"><a href=\"https:\/\/tukijaturva.fi\/?p=2533\" class=\"\">Lue lis\u00e4\u00e4<\/a><\/div>  <\/div>\n<\/div>\n\n<\/div>\n<!-- end Post Blocks -->\t\t<\/div>\n\t\t\t\t<\/div>\n\t\t\t\t\t<\/div>\n\t\t<\/div>\n\t\t\t\t\t<\/div>\n\t\t<\/section>\n\t\t\t\t<\/div>\n\t\t","protected":false},"excerpt":{"rendered":"<p>Neuropsykiatrinen valmentaja -koulutus Koulutus neuropsykiatriseksi valmentajaksi alkoi Olen pitk\u00e4\u00e4n toivonut p\u00e4\u00e4sev\u00e4ni neuropsykiatrinen valmentaja -koulutukseen ja viimein p\u00e4\u00e4sin lis\u00e4\u00e4m\u00e4\u00e4n&#8230; Lue lis\u00e4\u00e4<\/p>\n","protected":false},"author":1,"featured_media":0,"parent":0,"menu_order":0,"comment_status":"closed","ping_status":"closed","template":"","meta":{"_uag_custom_page_level_css":"","site-sidebar-layout":"default","site-content-layout":"default","ast-global-header-display":"","ast-main-header-display":"","ast-hfb-above-header-display":"","ast-hfb-below-header-display":"","ast-hfb-mobile-header-display":"","site-post-title":"disabled","ast-breadcrumbs-content":"","ast-featured-img":"","footer-sml-layout":"","theme-transparent-header-meta":"","adv-header-id-meta":"","stick-header-meta":"","header-above-stick-meta":"","header-main-stick-meta":"","header-below-stick-meta":""},"aioseo_notices":[],"uagb_featured_image_src":{"full":false,"thumbnail":false,"medium":false,"medium_large":false,"large":false,"1536x1536":false,"2048x2048":false,"woocommerce_thumbnail":false,"woocommerce_single":false,"woocommerce_gallery_thumbnail":false},"uagb_author_info":{"display_name":"marko.makkonen.mm@gmail.com","author_link":"https:\/\/tukijaturva.fi\/?author=1"},"uagb_comment_info":0,"uagb_excerpt":"Neuropsykiatrinen valmentaja -koulutus Koulutus neuropsykiatriseksi valmentajaksi alkoi Olen pitk\u00e4\u00e4n toivonut p\u00e4\u00e4sev\u00e4ni neuropsykiatrinen valmentaja -koulutukseen ja viimein p\u00e4\u00e4sin lis\u00e4\u00e4m\u00e4\u00e4n&#8230; Lue lis\u00e4\u00e4","_links":{"self":[{"href":"https:\/\/tukijaturva.fi\/index.php?rest_route=\/wp\/v2\/pages\/30"}],"collection":[{"href":"https:\/\/tukijaturva.fi\/index.php?rest_route=\/wp\/v2\/pages"}],"about":[{"href":"https:\/\/tukijaturva.fi\/index.php?rest_route=\/wp\/v2\/types\/page"}],"author":[{"embeddable":true,"href":"https:\/\/tukijaturva.fi\/index.php?rest_route=\/wp\/v2\/users\/1"}],"replies":[{"embeddable":true,"href":"https:\/\/tukijaturva.fi\/index.php?rest_route=%2Fwp%2Fv2%2Fcomments&post=30"}],"version-history":[{"count":29,"href":"https:\/\/tukijaturva.fi\/index.php?rest_route=\/wp\/v2\/pages\/30\/revisions"}],"predecessor-version":[{"id":2395,"href":"https:\/\/tukijaturva.fi\/index.php?rest_route=\/wp\/v2\/pages\/30\/revisions\/2395"}],"wp:attachment":[{"href":"https:\/\/tukijaturva.fi\/index.php?rest_route=%2Fwp%2Fv2%2Fmedia&parent=30"}],"curies":[{"name":"wp","href":"https:\/\/api.w.org\/{rel}","templated":true}]}}