{"id":2670,"date":"2024-06-25T09:50:21","date_gmt":"2024-06-25T09:50:21","guid":{"rendered":"https:\/\/tukijaturva.fi\/?post_type=product&#038;p=2670"},"modified":"2024-06-27T05:51:07","modified_gmt":"2024-06-27T05:51:07","slug":"visuaaliset-ohjeet-ja-aikataulut","status":"publish","type":"product","link":"https:\/\/tukijaturva.fi\/?product=visuaaliset-ohjeet-ja-aikataulut","title":{"rendered":"Kuvakortit"},"content":{"rendered":"<p>Visuaaliset ohjeet ja aikataulut ovat suunniteltu suullisten ohjeiden sek\u00e4 aikataulujen tueksi arjessa. T\u00e4h\u00e4n kategoriaan kuuluvat visuaaliset kalenterit, aikataulut, teht\u00e4v\u00e4listat ja kommunikointikansiot. Ne auttavat struktuurin ja ennustettavuuden lis\u00e4\u00e4misess\u00e4 p\u00e4ivitt\u00e4isess\u00e4 el\u00e4m\u00e4ss\u00e4.<\/p>\n","protected":false},"excerpt":{"rendered":"<p>Kuvakortit tarjoavat selke\u00e4n ja visuaalisen tavan ohjata p\u00e4ivitt\u00e4isi\u00e4 teht\u00e4vi\u00e4 ja ohjeita. Kuvakorttien avulla voidaan my\u00f6s harjoitella tunnetaitoja ja tunteiden sanoittamista. Voitte hy\u00f6ty\u00e4 kuvakorteista, koska ne auttavat hahmottamaan teht\u00e4vien j\u00e4rjestyksen sek\u00e4 suorittamisen vaiheet. Kuvakortit auttavat my\u00f6s tunteiden tunnistamisessa. Kuvakortit tukevat my\u00f6s kielellisen ymm\u00e4rryksen haasteita, koska ne tarjoavat visuaalisen viitekehyksen toiminnalle.<\/p>\n<p>&nbsp;<\/p>\n","protected":false},"featured_media":0,"comment_status":"open","ping_status":"closed","template":"","meta":{"_uag_custom_page_level_css":"","site-sidebar-layout":"default","site-content-layout":"default","ast-global-header-display":"","ast-main-header-display":"","ast-hfb-above-header-display":"","ast-hfb-below-header-display":"","ast-hfb-mobile-header-display":"","site-post-title":"","ast-breadcrumbs-content":"","ast-featured-img":"","footer-sml-layout":"","theme-transparent-header-meta":"default","adv-header-id-meta":"","stick-header-meta":"","header-above-stick-meta":"","header-main-stick-meta":"","header-below-stick-meta":""},"product_cat":[37,54],"product_tag":[45],"aioseo_notices":[],"uagb_featured_image_src":{"full":false,"thumbnail":false,"medium":false,"medium_large":false,"large":false,"1536x1536":false,"2048x2048":false,"woocommerce_thumbnail":false,"woocommerce_single":false,"woocommerce_gallery_thumbnail":false},"uagb_author_info":{"display_name":"marko.makkonen.mm@gmail.com","author_link":"https:\/\/tukijaturva.fi\/?author=0"},"uagb_comment_info":0,"uagb_excerpt":"Kuvakortit tarjoavat selke\u00e4n ja visuaalisen tavan ohjata p\u00e4ivitt\u00e4isi\u00e4 teht\u00e4vi\u00e4 ja ohjeita. Kuvakorttien avulla voidaan my\u00f6s harjoitella tunnetaitoja ja tunteiden sanoittamista. Voitte hy\u00f6ty\u00e4 kuvakorteista, koska ne auttavat hahmottamaan teht\u00e4vien j\u00e4rjestyksen sek\u00e4 suorittamisen vaiheet. Kuvakortit auttavat my\u00f6s tunteiden tunnistamisessa. Kuvakortit tukevat my\u00f6s kielellisen ymm\u00e4rryksen haasteita, koska ne tarjoavat visuaalisen viitekehyksen toiminnalle. &nbsp;","_links":{"self":[{"href":"https:\/\/tukijaturva.fi\/index.php?rest_route=\/wp\/v2\/product\/2670"}],"collection":[{"href":"https:\/\/tukijaturva.fi\/index.php?rest_route=\/wp\/v2\/product"}],"about":[{"href":"https:\/\/tukijaturva.fi\/index.php?rest_route=\/wp\/v2\/types\/product"}],"replies":[{"embeddable":true,"href":"https:\/\/tukijaturva.fi\/index.php?rest_route=%2Fwp%2Fv2%2Fcomments&post=2670"}],"wp:attachment":[{"href":"https:\/\/tukijaturva.fi\/index.php?rest_route=%2Fwp%2Fv2%2Fmedia&parent=2670"}],"wp:term":[{"taxonomy":"product_cat","embeddable":true,"href":"https:\/\/tukijaturva.fi\/index.php?rest_route=%2Fwp%2Fv2%2Fproduct_cat&post=2670"},{"taxonomy":"product_tag","embeddable":true,"href":"https:\/\/tukijaturva.fi\/index.php?rest_route=%2Fwp%2Fv2%2Fproduct_tag&post=2670"}],"curies":[{"name":"wp","href":"https:\/\/api.w.org\/{rel}","templated":true}]}}