{"id":2811,"date":"2024-06-27T06:45:49","date_gmt":"2024-06-27T06:45:49","guid":{"rendered":"https:\/\/tukijaturva.fi\/?post_type=product&#038;p=2811"},"modified":"2024-06-27T06:45:49","modified_gmt":"2024-06-27T06:45:49","slug":"tasapainotyynyt-ja-pallot","status":"publish","type":"product","link":"https:\/\/tukijaturva.fi\/?product=tasapainotyynyt-ja-pallot","title":{"rendered":"Tasapainotyynyt- ja pallot"},"content":{"rendered":"<p><span style=\"font-weight: 400;\">Tasapainolaudat, ilmat\u00e4ytteiset tasapainotyynyt ja -pallot sek\u00e4 tekstuurialustat parantavat tasapainoa, koordinaatiota ja keskivartalon hallintaa dynaamisella ja hauskalla tavalla. Ne tukevat karkeamotoriikan kehityst\u00e4, keskivartalon voimaa ja sensorista integraatiota, mik\u00e4 on t\u00e4rke\u00e4\u00e4 hyv\u00e4n ryhdin, liikkumisen ja motoristen taitojen kannalta.<\/span><\/p>\n","protected":false},"excerpt":{"rendered":"<p>Ilmat\u00e4ytteiset tasapainotyynyt ja -pallot parantavat kehon hallintaa ja tasapainoa. Keskivartalon voimaa ja tasapainoa tarvitsemme ryhdin ja liikkumisen kehitt\u00e4miseen ja se tukee motorista kasvua sek\u00e4 kehityst\u00e4.<\/p>\n","protected":false},"featured_media":0,"comment_status":"open","ping_status":"closed","template":"","meta":{"_uag_custom_page_level_css":"","site-sidebar-layout":"default","site-content-layout":"default","ast-global-header-display":"","ast-main-header-display":"","ast-hfb-above-header-display":"","ast-hfb-below-header-display":"","ast-hfb-mobile-header-display":"","site-post-title":"","ast-breadcrumbs-content":"","ast-featured-img":"","footer-sml-layout":"","theme-transparent-header-meta":"default","adv-header-id-meta":"","stick-header-meta":"","header-above-stick-meta":"","header-main-stick-meta":"","header-below-stick-meta":""},"product_cat":[38,60],"product_tag":[],"aioseo_notices":[],"uagb_featured_image_src":{"full":false,"thumbnail":false,"medium":false,"medium_large":false,"large":false,"1536x1536":false,"2048x2048":false,"woocommerce_thumbnail":false,"woocommerce_single":false,"woocommerce_gallery_thumbnail":false},"uagb_author_info":{"display_name":"marko.makkonen.mm@gmail.com","author_link":"https:\/\/tukijaturva.fi\/?author=0"},"uagb_comment_info":0,"uagb_excerpt":"Ilmat\u00e4ytteiset tasapainotyynyt ja -pallot parantavat kehon hallintaa ja tasapainoa. Keskivartalon voimaa ja tasapainoa tarvitsemme ryhdin ja liikkumisen kehitt\u00e4miseen ja se tukee motorista kasvua sek\u00e4 kehityst\u00e4.","_links":{"self":[{"href":"https:\/\/tukijaturva.fi\/index.php?rest_route=\/wp\/v2\/product\/2811"}],"collection":[{"href":"https:\/\/tukijaturva.fi\/index.php?rest_route=\/wp\/v2\/product"}],"about":[{"href":"https:\/\/tukijaturva.fi\/index.php?rest_route=\/wp\/v2\/types\/product"}],"replies":[{"embeddable":true,"href":"https:\/\/tukijaturva.fi\/index.php?rest_route=%2Fwp%2Fv2%2Fcomments&post=2811"}],"wp:attachment":[{"href":"https:\/\/tukijaturva.fi\/index.php?rest_route=%2Fwp%2Fv2%2Fmedia&parent=2811"}],"wp:term":[{"taxonomy":"product_cat","embeddable":true,"href":"https:\/\/tukijaturva.fi\/index.php?rest_route=%2Fwp%2Fv2%2Fproduct_cat&post=2811"},{"taxonomy":"product_tag","embeddable":true,"href":"https:\/\/tukijaturva.fi\/index.php?rest_route=%2Fwp%2Fv2%2Fproduct_tag&post=2811"}],"curies":[{"name":"wp","href":"https:\/\/api.w.org\/{rel}","templated":true}]}}